{"id":8708,"date":"2024-03-18T14:31:46","date_gmt":"2024-03-18T14:31:46","guid":{"rendered":"https:\/\/rdc2.wedot.net\/?page_id=8708"},"modified":"2024-03-18T14:31:46","modified_gmt":"2024-03-18T14:31:46","slug":"inverso","status":"publish","type":"page","link":"https:\/\/raccontidalcarcere.it\/?page_id=8708","title":{"rendered":"Inverso"},"content":{"rendered":"\n<p>INVERSO ONLUS \u2013 Associazione per la diffusione della letteratura e della scrittura presso le categorie socialmente svantaggiate&nbsp;<\/p>\n\n\n\n<p>\u00c8 stata fondata dalla giornalista e scrittrice Antonella Bolelli Ferrera e dal poeta Elio Pecora.&nbsp;<\/p>\n\n\n\n<p>Inverso Onlus \u00e8 promotrice del Premio letterario Goliarda Sapienza, rivolto alla popolazione detenuta, nato nel 2011 con l\u2019obiettivo di dare espressione tangibile alle finalit\u00e0 rieducative della pena contemplate dall\u2019art. 27 della Carta costituzionale, valorizzando il circolo virtuoso indotto dalla scrittura e dalla lettura.&nbsp;&nbsp;<\/p>\n\n\n\n<p>\u00c8 promotrice altres\u00ec di altre iniziative culturali collegate al Premio Goliarda Sapienza.&nbsp;<\/p>\n\n\n\n<p>Negli anni ha siglato protocolli d\u2019intesa con:&nbsp;<\/p>\n\n\n\n<p>Dipartimento per la Giustizia Minorile per progetti finalizzati a valorizzare le potenzialit\u00e0 creative, comunicative ed il senso di responsabilit\u00e0 e di legalit\u00e0 dei minori e giovani sottoposti a provvedimenti dell\u2019Autorit\u00e0 Giudiziaria minorile e che si trovano in situazioni di disagio, sociale ed affettivo.&nbsp;<\/p>\n\n\n\n<p>Dipartimento dell\u2019Amministrazione Penitenziaria per la realizzazione di attivit\u00e0 culturali e progetti, anche a carattere sperimentale, finalizzati a valorizzare le potenzialit\u00e0 creative e comunicative ed il senso di legalit\u00e0 degli autori di reato sottoposti a provvedimenti dell\u2019Autorit\u00e0 Giudiziaria.&nbsp;&nbsp;&nbsp;<\/p>\n\n\n\n<p>CONTATTI PEC:&nbsp;<\/p>\n\n\n\n<p>inverso@legalmail.it&nbsp;<\/p>\n","protected":false},"excerpt":{"rendered":"<p>INVERSO ONLUS \u2013 Associazione per la diffusione della letteratura e della scrittura presso le categorie socialmente svantaggiate&nbsp; \u00c8 stata fondata dalla giornalista e scrittrice Antonella Bolelli Ferrera e dal poeta Elio Pecora.&nbsp; Inverso Onlus \u00e8 promotrice del Premio letterario Goliarda Sapienza, rivolto alla popolazione detenuta, nato nel 2011 con l\u2019obiettivo di dare espressione tangibile alle [&hellip;]<\/p>\n","protected":false},"author":1,"featured_media":0,"parent":0,"menu_order":0,"comment_status":"closed","ping_status":"closed","template":"","meta":{"footnotes":""},"class_list":["post-8708","page","type-page","status-publish","hentry"],"_links":{"self":[{"href":"https:\/\/raccontidalcarcere.it\/index.php?rest_route=\/wp\/v2\/pages\/8708","targetHints":{"allow":["GET"]}}],"collection":[{"href":"https:\/\/raccontidalcarcere.it\/index.php?rest_route=\/wp\/v2\/pages"}],"about":[{"href":"https:\/\/raccontidalcarcere.it\/index.php?rest_route=\/wp\/v2\/types\/page"}],"author":[{"embeddable":true,"href":"https:\/\/raccontidalcarcere.it\/index.php?rest_route=\/wp\/v2\/users\/1"}],"replies":[{"embeddable":true,"href":"https:\/\/raccontidalcarcere.it\/index.php?rest_route=%2Fwp%2Fv2%2Fcomments&post=8708"}],"version-history":[{"count":1,"href":"https:\/\/raccontidalcarcere.it\/index.php?rest_route=\/wp\/v2\/pages\/8708\/revisions"}],"predecessor-version":[{"id":8710,"href":"https:\/\/raccontidalcarcere.it\/index.php?rest_route=\/wp\/v2\/pages\/8708\/revisions\/8710"}],"wp:attachment":[{"href":"https:\/\/raccontidalcarcere.it\/index.php?rest_route=%2Fwp%2Fv2%2Fmedia&parent=8708"}],"curies":[{"name":"wp","href":"https:\/\/api.w.org\/{rel}","templated":true}]}}